ctors of 3947.
3947
List the prime factors of 6177.
3, 29, 71
What are the prime factors of 603?
3, 67
What are the prime factors of 678?
2, 3, 113
What are the prime factors of 5661?
3, 17, 37
What are the prime factors of 21501?
3, 2389
What are the prime factors of 12356?
2, 3089
List the prime factors of 239.
239
List the prime factors of 21477.
3, 7159
What are the prime factors of 3065?
5, 613
What are the prime factors of 64000?
2, 5
What are the prime factors of 58912?
2, 7, 263
What are the prime factors of 1028?
2, 257
List the prime factors of 3536.
2, 13, 17
List the prime factors of 2350.
2, 5, 47
What are the prime factors of 4037?
11, 367
What are the prime factors of 115537?
31, 3727
What are the prime factors of 4058?
2, 2029
What are the prime factors of 10770?
2, 3, 5, 359
What are the prime factors of 666?
2, 3, 37
List the prime factors of 2290.
2, 5, 229
What are the prime factors of 886?
2, 443
What are the prime factors of 11578?
2, 7, 827
List the prime factors of 38478.
2, 3, 11, 53
List the prime factors of 17222.
2, 79, 109
List the prime factors of 44757.
3, 4973
List the prime factors of 1209.
3, 13, 31
List the prime factors of 1831.
1831
List the prime factors of 3519.
3, 17, 23
What are the prime factors of 2774?
2, 19, 73
What are the prime factors of 21989?
11, 1999
What are the prime factors of 63?
3, 7
List the prime factors of 4061.
31, 131
List the prime factors of 2784.
2, 3, 29
List the prime factors of 1883.
7, 269
List the prime factors of 27434.
2, 11, 29, 43
What are the prime factors of 7041?
3, 2347
List the prime factors of 1547.
7, 13, 17
What are the prime factors of 2387?
7, 11, 31
What are the prime factors of 6050?
2, 5, 11
What are the prime factors of 930?
2, 3, 5, 31
What are the prime factors of 55178?
2, 47, 587
What are the prime factors of 22797?
3, 17, 149
List the prime factors of 27916.
2, 7, 997
List the prime factors of 630.
2, 3, 5, 7
What are the prime factors of 906?
2, 3, 151
List the prime factors of 109557.
3, 7, 37, 47
List the prime factors of 7748.
2, 13, 149
What are the prime factors of 8430?
2, 3, 5, 281
List the prime factors of 5724.
2, 3, 53
List the prime factors of 6442.
2, 3221
What are the prime factors of 3399?
3, 11, 103
What are the prime factors of 1504?
2, 47
List the prime factors of 125446.
2, 62723
List the prime factors of 55756.
2, 53, 263
What are the prime factors of 43794?
2, 3, 811
List the prime factors of 2541.
3, 7, 11
What are the prime factors of 84521?
84521
What are the prime factors of 2978?
2, 1489
What are the prime factors of 48078?
2, 3, 2671
What are the prime factors of 470?
2, 5, 47
List the prime factors of 1842.
2, 3, 307
List the prime factors of 1188.
2, 3, 11
What are the prime factors of 33986?
2, 16993
List the prime factors of 2017.
2017
List the prime factors of 500.
2, 5
What are the prime factors of 1012?
2, 11, 23
What are the prime factors of 43558?
2, 29, 751
What are the prime factors of 25548?
2, 3, 2129
List the prime factors of 443.
443
What are the prime factors of 99689?
99689
List the prime factors of 139261.
47, 2963
List the prime factors of 2953.
2953
What are the prime factors of 5811?
3, 13, 149
What are the prime factors of 2552?
2, 11, 29
List the prime factors of 1347.
3, 449
List the prime factors of 359.
359
List the prime factors of 871.
13, 67
List the prime factors of 25437.
3, 61, 139
List the prime factors of 82983.
3, 139, 199
What are the prime factors of 864?
2, 3
What are the prime factors of 20273?
11, 19, 97
List the prime factors of 2499.
3, 7, 17
What are the prime factors of 2048?
2
What are the prime factors of 560?
2, 5, 7
What are the prime factors of 3790?
2, 5, 379
List the prime factors of 71660.
2, 5, 3583
What are the prime factors of 5020?
2, 5, 251
What are the prime factors of 20533?
20533
What are the prime factors of 82333?
281, 293
What are the prime factors of 2023?
7, 17
What are the prime factors of 98494?
2, 11, 37
List the prime factors of 107119.
107119
What are the prime factors of 2555?
5, 7, 73
List the prime factors of 310.
2, 5, 31
What are the prime factors of 9967?
9967
What are the prime factors of 3872?
2, 11
List the prime factors of 5721.
3, 1907
List the prime factors of 30509.
30509
List the prime factors of 766.
2, 383
What are the prime factors of 231?
3, 7, 11
What are the prime factors of 5133?
3, 29, 59
What are the prime factors of 630?
2, 3, 5, 7
What are the prime factors of 185214?
2, 3, 30869
What are the prime factors of 79670?
2, 5, 31, 257
List the prime factors of 6055.
5, 7, 173
List the prime factors of 27398.
2, 7, 19, 103
What are the prime factors of 8976?
2, 3, 11, 17
What are the prime factors of 1024?
2
List the prime factors of 3737.
37, 101
List the prime factors of 723.
3, 241
List the prime factors of 3743.
19, 197
What are the prime factors of 269?
269
What are the prime factors of 2712?
2, 3, 113
What are the prime factors of 21453?
3, 7151
What are the prime factors of 11694?
2, 3, 1949
List the prime factors of 971.
971
List the prime factors of 129295.
5, 19, 1361
List the prime factors of 48054.
2, 3, 8009
What are the prime factors of 2365?
5, 11, 43
List the prime factors of 233.
233
What are the prime factors of 12377?
12377
List the prime factors of 1521.
3, 13
What are the prime factors of 20725?
5, 829
What are the prime factors of 25814?
2, 12907
List the prime factors of 113255.
5, 22651
What are the prime factors of 706?
2, 353
List the prime factors of 59120.
2, 5, 739
What are the prime factors of 3416?
2, 7, 61
List the prime factors of 7039.
7039
What are the prime factors of 3755?
5, 751
List the prime factors of 22958.
2, 13, 883
List the prime factors of 1972.
2, 17, 29
List the prime factors of 1225.
5, 7
What are the prime factors of 754?
2, 13, 29
What are the prime factors of 1375?
5, 11
List the prime factors of 12315.
3, 5, 821
List the prime factors of 71.
71
List the prime factors of 44174.
2, 13, 1699
What are the prime factors of 11709?
3, 1301
List the prime factors of 58542.
2, 3, 11, 887
List the prime factors of 21450.
2, 3, 5, 11, 13
List the prime factors of 115759.
7, 23, 719
List the prime factors of 2205.
3, 5, 7
List the prime factors of 1035.
3, 5, 23
What are the prime factors of 3322?
2, 11, 151
What are the prime factors of 20170?
2, 5, 2017
List the prime factors of 41879.
41879
What are the prime factors of 2705?
5, 541
What are the prime factors of 166848?
2, 3, 11, 79
What are the prime factors of 100308?
2, 3, 13, 643
What are the prime factors of 3255?
3, 5, 7, 31
What are the prime factors of 59235?
3, 5, 11, 359
List the prime factors of 12319.
97, 127
List the prime factors of 13183.
13183
List the prime factors of 1455.
3, 5, 97
List the prime factors of 1008.
2, 3, 7
What are the prime factors of 1159?
19, 61
What are the prime factors of 163?
163
What are the prime factors of 15?
3, 5
List the prime factors of 729.
3
List the prime factors of 2795.
5, 13, 43
What are the prime factors of 322?
2, 7, 23
What are the prime factors of 1226?
2, 613
What are the prime factors of 28290?
2, 3, 5, 23, 41
List the prime factors of 1112.
2, 139
What are the prime factors of 333?
3, 37
List the prime factors of 1595.
5, 11, 29
What are the prime factors of 42?
2, 3, 7
List the prime factors of 9322.
2, 59, 79
What are the prime factors of 5695?
5, 17, 67
What are the prime factors of 1506?
2, 3, 251
List the prime factors of 22106.
2, 7, 1579
What are the prime factors of 7926?
2, 3, 1321
What are the prime factors of 100504?
2, 17, 739
What are the prime factors of 7213?
7213
What are the prime factors of 2430?
2, 3, 5
What are the prime factors of 8674?
2, 4337
What are the prime factors of 4162?
2, 2081
What are the prime factors of 2443?
7, 349
List the prime factors of 70723.
197, 359
What are the prime factors of 1046?
2, 523
List the prime factors of 1587.
3, 23
List the prime factors of 1278.
2, 3, 71
What are the prime factors of 628?
2, 157
List the prime factors of 1980.
2, 3, 5, 11
List the prime factors of 34016.
2, 1063
What are the prime factors of 450?
2, 3, 5
List the prime factors of 1818.
2, 3, 101
What are the prime factors of 617?
617
List the prime factors of